 are the prime factors of s?
2, 7
Let r be 142/(-12) + 1/(-6). Let i(w) = w**3 - w + 3. Let u be i(0). List the prime factors of (u/r - -2)*8.
2, 7
Let v be (1*2)/(-6 + 5). Let d be 26 + 4/(v - 0). Suppose -2*m = 2*m - d. List the prime factors of m.
2, 3
Let n be 1 - (-4 - (-2 + -3)). Suppose -3*b - 2*y + 129 = -n*y, 4*y = 4*b - 152. What are the prime factors of b?
41
Suppose -84 = -3*t - t. Suppose 33 = -5*k - 3*i - 26, 0 = k - 4*i + t. Let s = k + 20. What are the prime factors of s?
7
Let r = -24 + 56. List the prime factors of r.
2
Let s(x) = 7*x**2 - 3*x - 1. Suppose 5*v = -9 - 1. List the prime factors of s(v).
3, 11
Let j(x) = 8*x**3 + 3*x**2 - x + 2. List the prime factors of j(3).
2, 11
Let s(r) = -2*r - 14. Let i be s(-8). Suppose 0 = 6*z - i*z - 88. List the prime factors of z.
2, 11
Let b(k) = -k - 1. Suppose 0 = 2*n + 2*n + 2*s + 6, -3*s + 12 = -n. Let z be b(n). Suppose 3*c + 3 = 3*d, c + 1 = z. What are the prime factors of d?
2
Let z = -21 + 36. Let p = 19 - z. What are the prime factors of p?
2
Suppose 39 = 5*t + v, -4*t + 5*v = -32 - 5. Suppose 32 = 4*o - t. List the prime factors of o.
2, 5
Suppose 5*u = -2*f + 316, 3*u + 656 = 4*f + u. What are the prime factors of f?
163
Let m = 10 + -16. What are the prime factors of m/(-9) + (-147)/(-9)?
17
Let g(r) = -r**3 + 15*r**2 - 12*r + 4. What are the prime factors of g(14)?
2
Suppose -2*r + 2 = -2. List the prime factors of r.
2
Let w(p) = -p - 2*p**3 + 3*p**3 + 3*p - p**2 - 6*p**2. List the prime factors of w(7).
2, 7
Let x(b) = b**2 - 2*b. Let l(d) = 7*d**3 + 4*d**2 + 2*d - 2. Let j be l(-2). Let p be j/(-10) + 2/5. What are the prime factors of x(p)?
3, 5
Let i = 9 - 4. Suppose -t = 3*x - 11, x - 8 - i = -t. List the prime factors of t.
2, 7
Let a(q) be the second derivative of -q**5/20 - q**4/2 - q**3/6 + q**2 + 3*q. What are the prime factors of a(-6)?
2
Let r(u) = u**3 + 7*u**2 + 4*u + 7. Let v be r(-6). Suppose 0*a - a = -2*q + 35, -q - a = -v. List the prime factors of q.
2, 3
Suppose w - 134 = -5*z, 25 = 2*z - z + 2*w. Let x be (-519)/z + (-4)/(-18). Let y = x - -31. What are the prime factors of y?
2, 3
Suppose 0 = 5*q - v - 455, 3*q - 11 = -3*v + 262. What are the prime factors of q?
7, 13
Suppose 12 = 5*n - n. Suppose -4*b = o - 190, 4*o - 5 = n. List the prime factors of b.
47
Suppose 2 = z - 32. Suppose 2*o + 3*o + 2*m - 113 = 0, -5*o + 117 = 3*m. Let d = z - o. What are the prime factors of d?
13
Let h(p) = -p**2 - 13*p - 4. Let a be h(-7). Suppose 0 = 4*i + a - 134. What are the prime factors of i?
2, 3
Suppose 0 = -2*j + 7*j - 75. What are the prime factors of j?
3, 5
Let g(i) = 4*i. Let j be g(3). Suppose -6*w - j = -3*w. List the prime factors of (w/(-8))/(2/24).
2, 3
Let y(q) = 2*q**2 + 2*q + 5. List the prime factors of y(3).
29
Let i(l) = -2*l - 3. Let k be i(-4). Let t(v) = v + 7. List the prime factors of t(k).
2, 3
Let k(t) = t + 3*t + 0*t**2 - 2*t**2 + t**3 + 8*t**2. What are the prime factors of k(-4)?
2
Suppose -p - 261 = -3*i, 0 = 2*i + 2*p + 2*p - 160. List the prime factors of i.
2, 43
Suppose 5*r + 4*k = -1124, -3*r + k = 4*k + 672. Let w be r/16*(-5 + 1). Suppose 5*s - 3 - w = 5*d, -3*d + 60 = 5*s. List the prime factors of s.
2, 3
Let r(y) be the third derivative of -2/3*y**3 + 1/24*y**4 + 0 + 1/60*y**5 - 2*y**2 + 0*y. What are the prime factors of r(-3)?
2
Let r(w) = -3*w**3 - w**2 - 2*w - 3. Let g = -19 + 17. List the prime factors of r(g).
3, 7
Let d be (-4)/6 + 24/9. List the prime factors of (-15)/(-3)*(d + 1).
3, 5
Let b be (5/(-5))/(1/(-25)). Suppose -2*h + s + 48 = -b, -2*h + 3*s + 75 = 0. List the prime factors of h.
2, 3
Let d(w) = w**2 - 1. Let i(j) = -4*j**3 + 4*j**2 - 2*j - 2. Let p(n) = 3*d(n) - i(n). Let k be p(1). Let b = k + 9. List the prime factors of b.
13
Let g(o) be the second derivative of -o**4/12 - 7*o**3/6 - o**2 - o. List the prime factors of g(-5).
2
Suppose -159 = -3*y - m, -y - 4*m - 28 = -92. List the prime factors of y.
2, 13
Suppose 71 = 2*a + 5. What are the prime factors of a?
3, 11
Suppose -4*n + 656 = 4*z, 0*z = -4*n - z + 641. Suppose 0 = 3*a + 3*l - n, -5*l - 2 = -3*l. Suppose 3*p + 0*p - a = 0. List the prime factors of p.
2, 3
Let p(f) = f**2 - 7. Suppose 4*m = 0, -6*r + 3*r + 6 = 2*m. Let v(q) = 3. Let h(i) = r*p(i) + 5*v(i). What are the prime factors of h(2)?
3
Let z = -11 + 19. Let b = 7 - z. What are the prime factors of -1 - (-14 - (-3 - b))?
11
Let b(t) = -t**3 - 4*t**2 + 2*t + 7. Let g be b(-6). Let h = g - 46. List the prime factors of h.
3, 7
Let z(g) = -2*g + 1. Let f(h) = -15*h + 2. Let n be f(1). What are the prime factors of z(n)?
3
Let k be 80/36 + 2/(-9). Suppose 4*y = x - 46, -3*x + y + 192 = k*x. What are the prime factors of x?
2, 19
Suppose 3 + 3 = -c. Let m be 1/2 + (-5)/2. Let p = m - c. List the prime factors of p.
2
Let y(s) be the first derivative of s**4/4 - s**3 - 3*s**2/2 + 2*s + 2. List the prime factors of y(4).
2, 3
Let h = 5 + 80. List the prime factors of h.
5, 17
Let u = -147 - -252. List the prime factors of u.
3, 5, 7
Let v = -32 + 70. List the prime factors of v.
2, 19
Suppose -2*n - 22 = -v, -76 = v - 4*v + n. List the prime factors of v.
2, 13
Suppose 2 = -k + f + f, -5*f + 5 = -2*k. Suppose 3*x + 0*x + 18 = k. What are the prime factors of (x/(-10))/((-3)/(-15))?
3
Let i = -324 - -573. List the prime factors of i.
3, 83
Suppose -24*k + 23*k + 158 = 0. List the prime factors of k.
2, 79
What are the prime factors of ((-51)/(-9) - 3)/((-4)/(-126))?
2, 3, 7
Let u = 69 - 48. What are the prime factors of u?
3, 7
Let b(t) = 4*t**2 + 2*t + 1. Let v(j) = -j**2 + j + 1. Let w(g) = -b(g) - 5*v(g). Let m be w(8). Suppose -m*l = l - 21. What are the prime factors of l?
7
Let n(f) = -f**3 - f**2 + f. Let v be n(0). Suppose v = 4*x - 44 - 8. What are the prime factors of x?
13
Let m = 21 - 2. Let c = -17 + m. List the prime factors of c.
2
Suppose -664 = -3*x + 4*g, -g - 218 = -x + 2*g. List the prime factors of x.
2, 7
Let l = -29 - -52. List the prime factors of l.
23
Let p = -51 - -88. What are the prime factors of p?
37
Let i = 0 + 5. Let m = i + -2. Suppose 5*a = 2*g + 6 - 2, -a - m*g + 11 = 0. List the prime factors of a.
2
List the prime factors of 294/4*24/18.
2, 7
Suppose 0 = -4*y + 54 + 110. What are the prime factors of y?
41
What are the prime factors of (-4)/((-12)/387) + (2 - 1)?
2, 5, 13
Let y be (-5 + 6)*(-9)/1. What are the prime factors of 22/4 - y/(-6)?
2
Let h = -9 - -15. Let q be h*3*1/6. Suppose -q*v + 9 = -2*v. List the prime factors of v.
3
Let o = -7 - -11. Suppose 0*p - o*p = -36. What are the prime factors of p?
3
Let t = -1 + 5. Suppose k + t*k = 150. What are the prime factors of k?
2, 3, 5
Let k = -74 + 103. List the prime factors of k.
29
Let t(g) = -g**3 - 10*g**2 - 3. Let s = -6 + -4. Let r be t(s). Let q(o) = o + 7. List the prime factors of q(r).
2
Suppose 4*d - 2*m = 580, -4*m + 302 = 2*d + m. List the prime factors of d.
2, 73
Suppose -3*w + 2*w = -3. Let b be (-8)/(-3 - (1 - 2)). Suppose w*h - 26 = b. List the prime factors of h.
2, 5
Suppose -3*x + 51 = -3. Let n = 28 - x. Let m = 16 - n. List the prime factors of m.
2, 3
Suppose 0 = 2*l + 3*n, 0 = 4*l + l + n - 26. Let p(i) = i**3 - 6*i**2 - 2. Let c be p(l). Let z(v) = 2*v**2 - v + 1. List the prime factors of z(c).
11
Let d(r) = r**3 + 4*r**2 - r. Suppose -4*m = -0*m + 8. List the prime factors of d(m).
2, 5
Suppose s - 2*s - 2*z + 25 = 0, -2*s - z = -56. What are the prime factors of s?
29
What are the prime factors of (3 + (0 - -4 - -42))*1?
7
Let b(l) = 3*l**2 + 12*l - 35. What are the prime factors of b(5)?
2, 5
What are the prime factors of (0 + -1)*(-1 + -7)?
2
Let j(v) = 3 + v - v**2 - 5 + 0*v. Let p be j(-4). Let d = -10 - p. List the prime factors of d.
2, 3
Let v(t) be the third derivative of -t**6/120 - t**5/30 + t**4/12 + t**3/3 - 4*t**2. Let r be v(-3). Suppose -r = -a + 12. What are the prime factors of a?
17
Suppose -2*q - 7 = 3. Let y(f) = f**3 + 5*f**2 - 3*f - 7. What are the prime factors of y(q)?
2
Suppose -2 - 3 = -5*p. Let w(z) = 39*z - 1. List the prime factors of w(p).
2, 19
Let x be (-2)/(-6)*-1*9. Let b = x - -29. List the prime factors of b.
2, 13
Let n(k) = -k**2 + k. Let z(q) = 10*q**2 + 2. Let m(l) = n(l) + z(l). List the prime factors of m(-2).
2, 3
Li